8 + f. Suppose 4*b + 17 = u. What is the greatest common divisor of 248 and b?
31
Suppose -7*g + 9*g - 4*b = 644, -5*g + 2*b + 1602 = 0. Calculate the greatest common factor of g and 120.
40
Let k be 3*2 + (12 - 10). Suppose k*b = -10 + 26. Suppose 0 = 3*h - 4*a - 51, -b*h - 15 = -5*a - 49. What is the highest common factor of 17 and h?
17
Suppose z + x - 3 - 137 = 0, 3*z - x - 436 = 0. Let k be (-36)/((10/8)/(-5)). Suppose j = 5*j - k. Calculate the greatest common factor of j and z.
36
Let u = -2787 + 2851. What is the greatest common divisor of 2336 and u?
32
Let g = 367 + 2846. Calculate the greatest common divisor of g and 189.
189
Let a = 55 + -5. Let z(m) = m - 12. Let l be z(15). Suppose -2*w + 7 + 27 = -l*y, 5*y - 10 = 0. What is the highest common factor of w and a?
10
Let b be (154/(-21))/(1/(-3)). Suppose -5*k = -12*i + 13*i - 773, 2*k - 296 = 4*i. What is the highest common divisor of k and b?
22
Let j be ((-80)/(-15))/((-2)/(-90)). Let w = -234 + j. Calculate the highest common divisor of 6 and w.
6
Let g(v) = -154*v + 2259. Let q be g(9). Calculate the highest common factor of 117 and q.
9
Suppose -3*v + 25 = -176. Suppose 0 = 43*p - v*p + 1824. Calculate the greatest common factor of 342 and p.
38
Let j be 142 + 504/(-588) + (-39)/(-21)*1. Calculate the greatest common divisor of j and 4589.
13
Suppose 2*s + x = 4099, 8208 = 4*s + 33*x - 29*x. What is the highest common factor of s and 46?
23
Let b(v) = -22591*v + 90413. Let h be b(4). Let m be (0 - (1 + 0))*-7. What is the greatest common divisor of m and h?
7
Let x be -4 - -15*(7 - 171/27). Calculate the highest common divisor of 402 and x.
6
Let r(d) = -15*d - 122. Let h be r(-14). What is the highest common factor of 1628 and h?
44
Let z(g) be the second derivative of -g**4/12 + 5*g**3/6 + 5*g**2 + 61*g. Let u be z(5). Calculate the greatest common factor of u and 135.
5
Let q be 14*(-14)/(2156/(-55)) - (1 - 135). What is the highest common factor of 31831 and q?
139
Suppose 5*f - 20*f + 150 = 0. Let n be (11 - f)/(1/42). What is the greatest common factor of 21 and n?
21
Suppose -10*c = -6*c - 4*b - 176, 4*c - 136 = -4*b. Calculate the highest common factor of 689 and c.
13
Suppose -4*l = q - 11, 0*q = -4*l - 2*q + 6. Suppose j = t - l*j + 105, -4*t + 2*j - 330 = 0. Let i = 135 + t. Calculate the greatest common divisor of i and 5.
5
Let u(s) = s**2 + 4*s - 7. Let y be u(-5). Let g = y + 19. Let p be 15129/99 + (28 - (-11628)/(-418)). What is the greatest common factor of p and g?
17
Let u be 41/3 - (-2)/6. Let o = -8 + u. Let w = 18427 - 18425. Calculate the highest common factor of w and o.
2
Let d = 2130 - 2120. Calculate the highest common divisor of d and 1100.
10
Let x be (428/3 - (-49)/147) + 10. Calculate the highest common divisor of x and 4947.
51
Let x = 19356 + -19323. What is the greatest common factor of 1419 and x?
33
Suppose 4*f + 2*n = -38, -4*f - n + 13 - 48 = 0. Let m be -150*(-4)/(f/(-1)). Suppose m = 5*l - 0*l. What is the greatest common factor of 120 and l?
15
Let m = -4070 + 4153. Calculate the highest common factor of 28469 and m.
83
Let q = 34805 - 27182. Calculate the highest common divisor of q and 165.
33
Suppose -25*u + 22*u + 1800 = 33*u. Suppose m - 5*m = -240. What is the greatest common factor of u and m?
10
Let c(v) = 8*v - 6. Let y be c(4). Let i(h) = 232*h**2 + 2268*h + 2270. Let j be i(-1). What is the highest common divisor of y and j?
26
Suppose 0 = -4311*d + 4306*d + 165. What is the highest common divisor of 99 and d?
33
Suppose -m = -3*m - 4*y + 450, 840 = 4*m - 4*y. Let o(a) = 13*a**2 + 24*a - 119. Let l be o(-5). Calculate the highest common divisor of l and m.
43
Let f be (-10)/12 - 192210/(-180). Calculate the greatest common factor of f and 22.
11
Suppose -60*r - 55510 = -121*r. Calculate the highest common divisor of 1690 and r.
130
Let s = 158 + -86. Let o be ((-1296)/378)/((2/(-21))/1). Suppose -231*z + o = -227*z. What is the greatest common factor of z and s?
9
Let u be ((-64)/20)/(4/(-50)). Suppose -5*b - 2 + u = 3*i, i - 29 = -4*b. Let d be ((-51)/(-6) + -5)*(2 + 0). Calculate the greatest common divisor of b and d.
7
Suppose -110 + 194 = 28*d. What is the highest common factor of d and 5181?
3
Suppose 5*n = -5*h + 8*n + 1470, 4*h = 5*n + 1176. Suppose -87 + h = z. Calculate the highest common divisor of z and 23.
23
Suppose 2*z - 319 + 85 = 0. Let y(c) = -2*c**3 + 265*c - 5 + 4*c**3 - 264*c. Let w be y(2). Calculate the greatest common divisor of z and w.
13
Suppose 20 = -4*i, 4 = v + 5*i - 20. Calculate the highest common factor of v and 2401.
49
Suppose 3*i + 852 = 6*s - 1923, -5*i = 25. What is the highest common divisor of s and 90?
10
Let u(a) be the first derivative of 9*a**2/2 - 24*a + 50. Let z be u(7). What is the greatest common factor of 13 and z?
13
Let q(m) = -m**3 + 7 - m + 9 - 2 + 10*m**2. Suppose 7*t - 2*t = 50. Let x be q(t). What is the greatest common divisor of 36 and x?
4
Let n be 436/6*144/96. Let u = -70 + n. What is the highest common divisor of u and 78?
39
Let g = 46 + -29. Suppose -2*i + g - 113 = 0. Let t = -40 - i. What is the greatest common divisor of t and 12?
4
Let s be (2/14)/(17/357). Suppose 5*m = s*c + 3*m - 17, 0 = 2*m + 8. Calculate the greatest common divisor of 6 and c.
3
Let c = 208 + -200. Suppose -4*y = -3*r - 1565, 2*r - 3*r + 1569 = 4*y. Calculate the greatest common factor of y and c.
8
Suppose -3*q - 4*o = 21564, -7*q - 4*o = -3*q + 28752. Let d be 1/(5/2) + q/(-30). What is the highest common divisor of d and 24?
24
Let p(f) be the third derivative of f**5/20 + f**4/24 + 5*f**3/6 - 970*f**2. Let q = 1 - 3. Let u be p(q). Calculate the greatest common factor of 135 and u.
15
Let x(p) = p**2 + 9*p + 4. Suppose 11*a + 47 = -52. Let v be x(a). Let y be (0 - -1) + 81/3. Calculate the greatest common factor of y and v.
4
Suppose -5*z + 18249 = -4*q, -7*q = -5*z - 10*q + 18242. What is the greatest common factor of z and 41?
41
Suppose 18 + 22 = 5*z. Let l(b) = -3*b + 134. Let q be l(30). Calculate the highest common divisor of q and z.
4
Suppose 0 = -k - 3*k + 44. Let b(x) = 2*x**2 + 139*x - 1336. Let m be b(9). What is the greatest common divisor of m and k?
11
Let s be ((-25)/3)/(2/(-12)). Suppose y = -3*b + 23, 2*y + 3*b + b = s. Suppose 0 = 32*x - y*x - 42. Calculate the highest common factor of 2 and x.
2
Let p be 1 + -5 + (-689)/(-169) - (-5910)/65. Calculate the highest common divisor of p and 2977.
13
Let v = 6349 + -5418. What is the greatest common divisor of 171 and v?
19
Suppose -15 + 50 = 7*g. Suppose -3*o + 466 = -0*o + g*s, 4*o + 5*s - 618 = 0. What is the highest common factor of o and 19?
19
Suppose 14 - 29 = -5*p. Suppose -p*o + 42 = b, 3*o - 3*b = 49 - 7. What is the greatest common divisor of o and 4?
2
Suppose 367 = 18*y - 5*y + 3. Let m = -3 - -5. Suppose -4*s + 4*b + 76 = 0, m*s - 23 = -0*s - b. What is the greatest common divisor of y and s?
14
Let i be (-7)/20*-4 - (-309190)/25. What is the greatest common divisor of 7 and i?
7
Let j be 7 - (-5 - 1)/(9/(-3)). Suppose 2*x - 6 = -4*c, j*x + 8 + 1 = -4*c. Suppose 5*v - 88 - 72 = 0. Calculate the highest common factor of v and c.
4
Let o be (-485)/(-95) + -5 + (-2046)/(-57). Suppose o*y - 301 = 29*y. What is the greatest common factor of y and 688?
43
Let z be 155 + -9 + 5 + 3. Let h = 5 - 2. Suppose -g = h*g - 88. Calculate the highest common divisor of z and g.
22
Suppose -3*s - 42 = -5*f, 0 = -f - 3*s + 2 - 8. Suppose 0 = -f*r - 7*r. Let t be 5700/12 - (1 + (r - -1)). What is the highest common divisor of 43 and t?
43
Let i(y) be the first derivative of y**4/2 + 16*y**3/3 - 9*y**2 + 3*y - 49. Let f be i(-9). Calculate the greatest common divisor of f and 4.
1
Let h be 2844/4 - 6*(-6)/9. Calculate the greatest common factor of h and 33.
11
Suppose -33*c + 6757 = -30*c + 4*m, -m = 2*c - 4498. Calculate the greatest common factor of 28 and c.
7
Let v be (-1 - 20/(-12))*3. Suppose 3*f - h = 2*f + 5, -v*f + 5*h + 25 = 0. Suppose f = 4*r - 7*r + 510. Calculate the greatest common divisor of r and 17.
17
Let m(v) = 2*v**2 - 5*v + 231. Let x be m(21). Calculate the greatest common divisor of 1232 and x.
112
Suppose 34*g + 37*g - 13853 - 30238 = 0. Calculate the highest common factor of g and 851.
23
Let q